{"id":23,"date":"2020-02-13T09:22:38","date_gmt":"2020-02-13T12:22:38","guid":{"rendered":"https:\/\/evangelhodecristoop.com.br\/?page_id=23"},"modified":"2020-02-13T11:11:28","modified_gmt":"2020-02-13T14:11:28","slug":"evangelizacao","status":"publish","type":"page","link":"https:\/\/evangelhodecristoop.com.br\/?page_id=23","title":{"rendered":"Evangeliza\u00e7\u00e3o"},"content":{"rendered":"\n<p>A Evangeliza\u00e7\u00e3o Esp\u00edrita Infanto juvenil \u00e9 uma das atividades \noferecidas pelo Grupo Esp\u00edrita Evangelho de Cristo, a qual busca \nenvolver crian\u00e7as e jovens no aprendizado da Doutrina Esp\u00edrita e do \nEvangelho de Jesus.<\/p>\n\n\n\n<p>A atividade de Evangeliza\u00e7\u00e3o consiste em um momento especial de \nestudo, reflex\u00e3o e compartilhamento de experi\u00eancias, buscando sempre \ncontribuir para a integra\u00e7\u00e3o do evangelizando consigo mesmo, com o \npr\u00f3ximo e com Deus. Tamb\u00e9m, busca-se promover a constru\u00e7\u00e3o de v\u00ednculos \nde amizade e de fraternidade entre as crian\u00e7as e os jovens \nfrequentadores.<\/p>\n\n\n\n<p>As atividades de Evangeliza\u00e7\u00e3o Esp\u00edrita do Grupo Esp\u00edrita Evangelho de Cristo s\u00e3o oferecidas duas vezes na semana:<\/p>\n\n\n\n<ul class=\"wp-block-list\"><li>Semanalmente, \u00e0s ter\u00e7as-feiras, de 20h \u00e0s 21h.<\/li><li>Quinzenalmente, aos s\u00e1bados, de 11h \u00e0s 12h.<\/li><\/ul>\n\n\n\n<p><strong>Equipe de evangelizadores do GEEC:<\/strong><\/p>\n\n\n\n<ul class=\"wp-block-list\"><li><strong>Ter\u00e7a-feira<\/strong> &#8211; <strong>Coordena\u00e7\u00e3o:<\/strong> Vaneli e Andr\u00e9<\/li><li><strong>S\u00e1bado<\/strong> &#8211; <strong>Coordena\u00e7\u00e3o<\/strong>: Talita de Mendon\u00e7a Silva<\/li><\/ul>\n\n\n\n<p><\/p>\n","protected":false},"excerpt":{"rendered":"<p>A Evangeliza\u00e7\u00e3o Esp\u00edrita Infanto juvenil \u00e9 uma das atividades oferecidas pelo Grupo Esp\u00edrita Evangelho de Cristo, a qual busca envolver crian\u00e7as e jovens no aprendizado&hellip;<\/p>\n","protected":false},"author":1,"featured_media":0,"parent":0,"menu_order":0,"comment_status":"closed","ping_status":"closed","template":"","meta":{"footnotes":""},"class_list":["post-23","page","type-page","status-publish","hentry"],"_links":{"self":[{"href":"https:\/\/evangelhodecristoop.com.br\/index.php?rest_route=\/wp\/v2\/pages\/23","targetHints":{"allow":["GET"]}}],"collection":[{"href":"https:\/\/evangelhodecristoop.com.br\/index.php?rest_route=\/wp\/v2\/pages"}],"about":[{"href":"https:\/\/evangelhodecristoop.com.br\/index.php?rest_route=\/wp\/v2\/types\/page"}],"author":[{"embeddable":true,"href":"https:\/\/evangelhodecristoop.com.br\/index.php?rest_route=\/wp\/v2\/users\/1"}],"replies":[{"embeddable":true,"href":"https:\/\/evangelhodecristoop.com.br\/index.php?rest_route=%2Fwp%2Fv2%2Fcomments&post=23"}],"version-history":[{"count":3,"href":"https:\/\/evangelhodecristoop.com.br\/index.php?rest_route=\/wp\/v2\/pages\/23\/revisions"}],"predecessor-version":[{"id":108,"href":"https:\/\/evangelhodecristoop.com.br\/index.php?rest_route=\/wp\/v2\/pages\/23\/revisions\/108"}],"wp:attachment":[{"href":"https:\/\/evangelhodecristoop.com.br\/index.php?rest_route=%2Fwp%2Fv2%2Fmedia&parent=23"}],"curies":[{"name":"wp","href":"https:\/\/api.w.org\/{rel}","templated":true}]}}