{"id":46,"date":"2020-02-13T09:34:28","date_gmt":"2020-02-13T12:34:28","guid":{"rendered":"https:\/\/evangelhodecristoop.com.br\/?page_id=46"},"modified":"2020-02-13T11:07:44","modified_gmt":"2020-02-13T14:07:44","slug":"passe","status":"publish","type":"page","link":"https:\/\/evangelhodecristoop.com.br\/?page_id=46","title":{"rendered":"Passe"},"content":{"rendered":"\n<p>O passe representa um recurso de aux\u00edlio para todos aqueles que \nnecessitem de fortalecimento e reequil\u00edbrio f\u00edsico, ps\u00edquico e\/ou \nespiritual. Ele \u00e9 realizado atrav\u00e9s da t\u00e9cnica de imposi\u00e7\u00e3o de m\u00e3os, \ntransmitindo fluidos vitais oriundos de uma pessoa (o passista) e de \nbenfeitores espirituais para outra pessoa (o assistido). No momento do \npasse \u00e9 muito importante a atitude mental positiva por parte do passista\n e do assistido, para que seus efeitos sejam sempre salutares.<\/p>\n\n\n\n<p>\u00c9 importante saber que o passe n\u00e3o funciona sozinho. Ele deve estar \nassociado ao trabalho de esclarecimento doutrin\u00e1rio visando o progresso \nintelecto-moral do ser. Por isso, o trabalho do passe \u00e9 realizado, em \ngeral, ao final das palestras e reuni\u00f5es de estudo.<\/p>\n\n\n\n<p>No Grupo Esp\u00edrita Evangelho de Cristo, o passe \u00e9 oferecido nos seguintes dias:<\/p>\n\n\n\n<ul class=\"wp-block-list\"><li>Ter\u00e7a-feira, \u00e0s 21h (ap\u00f3s a palestra)<\/li><li>Sexta-feira, \u00e0s 21h30 (ap\u00f3s a reuni\u00e3o de estudo)<\/li><li>S\u00e1bado, \u00e0s 19h30 (ap\u00f3s a reuni\u00e3o de estudo)<\/li><\/ul>\n","protected":false},"excerpt":{"rendered":"<p>O passe representa um recurso de aux\u00edlio para todos aqueles que necessitem de fortalecimento e reequil\u00edbrio f\u00edsico, ps\u00edquico e\/ou espiritual. Ele \u00e9 realizado atrav\u00e9s da&hellip;<\/p>\n","protected":false},"author":1,"featured_media":0,"parent":0,"menu_order":0,"comment_status":"closed","ping_status":"closed","template":"","meta":{"footnotes":""},"class_list":["post-46","page","type-page","status-publish","hentry"],"_links":{"self":[{"href":"https:\/\/evangelhodecristoop.com.br\/index.php?rest_route=\/wp\/v2\/pages\/46","targetHints":{"allow":["GET"]}}],"collection":[{"href":"https:\/\/evangelhodecristoop.com.br\/index.php?rest_route=\/wp\/v2\/pages"}],"about":[{"href":"https:\/\/evangelhodecristoop.com.br\/index.php?rest_route=\/wp\/v2\/types\/page"}],"author":[{"embeddable":true,"href":"https:\/\/evangelhodecristoop.com.br\/index.php?rest_route=\/wp\/v2\/users\/1"}],"replies":[{"embeddable":true,"href":"https:\/\/evangelhodecristoop.com.br\/index.php?rest_route=%2Fwp%2Fv2%2Fcomments&post=46"}],"version-history":[{"count":2,"href":"https:\/\/evangelhodecristoop.com.br\/index.php?rest_route=\/wp\/v2\/pages\/46\/revisions"}],"predecessor-version":[{"id":105,"href":"https:\/\/evangelhodecristoop.com.br\/index.php?rest_route=\/wp\/v2\/pages\/46\/revisions\/105"}],"wp:attachment":[{"href":"https:\/\/evangelhodecristoop.com.br\/index.php?rest_route=%2Fwp%2Fv2%2Fmedia&parent=46"}],"curies":[{"name":"wp","href":"https:\/\/api.w.org\/{rel}","templated":true}]}}